{"id":106,"date":"2021-03-01T12:53:27","date_gmt":"2021-03-01T12:53:27","guid":{"rendered":"http:\/\/e42059.easyhosting.at\/?page_id=106"},"modified":"2021-11-03T04:54:21","modified_gmt":"2021-11-03T04:54:21","slug":"was-wir-leisten","status":"publish","type":"page","link":"https:\/\/e42059.easyhosting.at\/?page_id=106","title":{"rendered":"WAS WIR LEISTEN"},"content":{"rendered":"\n<div class=\"wp-block-columns is-layout-flex wp-container-core-columns-is-layout-9d6595d7 wp-block-columns-is-layout-flex\">\n<div class=\"wp-block-column is-layout-flow wp-block-column-is-layout-flow\" style=\"flex-basis:100%\">\n<p class=\"has-text-align-left\">Jeder Vertriebspartner hat individuelle Anforderungen. Ob Sie das reine Vertriebskonzept w\u00fcnschen oder ein ganzheitliches System suchen, wir sind Ihr Partner. Unser Service umfasst die Konzeption, das Marketing, den Vertrieb, die Logistik und den After Sale Service.<\/p>\n<\/div>\n<\/div>\n\n\n\n<h2 class=\"has-text-align-center has-text-color wp-block-heading\" style=\"color:#cfcfcf;font-size:100px\">KONZEPT<\/h2>\n\n\n\n<div class=\"wp-block-cover aligncenter has-background-dim has-parallax\" style=\"background-image:url(http:\/\/e42059.easyhosting.at\/wp-content\/uploads\/2021\/03\/VPH_Bilder_Website_1.jpg)\"><div class=\"wp-block-cover__inner-container is-layout-flow wp-block-cover-is-layout-flow\">\n<p class=\"has-text-align-center has-text-color\" style=\"color:#ffffff;font-size:20px\"><meta charset=\"utf-8\"><meta charset=\"utf-8\"><meta charset=\"utf-8\">Eine Strategie zu entwickeln bedeutet, die richtigen Fragen zu stellen. Wir ermitteln f\u00fcr Sie den Ist-Zustand des Marktes. Das sind die Pr\u00fcfung des\u00a0Alleinstellungsmerkmals, das Angebotsportfolio, die Zielkundengruppen und der Wettbewerb. Zulassungen und Anmeldungen sind ebenso ein Teil unseres Services. Der Ist- und Soll-Zustand muss in regelm\u00e4\u00dfigen Abst\u00e4nden analysiert und \u00a0aufeinander abgestimmt werden.<\/p>\n<\/div><\/div>\n\n\n\n<div style=\"height:50px\" aria-hidden=\"true\" class=\"wp-block-spacer\"><\/div>\n\n\n\n<h2 class=\"has-text-align-center has-text-color wp-block-heading\" style=\"color:#cfcfcf;font-size:100px\">VERTRIEB<\/h2>\n\n\n\n<div class=\"wp-block-cover aligncenter has-background-dim has-parallax\" style=\"background-image:url(http:\/\/e42059.easyhosting.at\/wp-content\/uploads\/2021\/03\/VPH_Bilder_Website_1.jpg)\"><div class=\"wp-block-cover__inner-container is-layout-flow wp-block-cover-is-layout-flow\">\n<p class=\"has-text-align-center has-text-color\" style=\"color:#ffffff;font-size:20px\"><meta charset=\"utf-8\"><meta charset=\"utf-8\"><meta charset=\"utf-8\"><meta charset=\"utf-8\">Wir wollen nicht nur verkaufen sondern wir sehen uns als Partner der Apotheke, der Industrie und des Verbrauchers an.\u00a0Wir sind\u00a0fl\u00e4chendeckend in Apotheken vertreten. Zum pharmazeutischen Gro\u00dfhandel pflegen wir sehr gute Kontakte.\u00a0Bisher konnten wir erfolgreich Artikel aus den Bereichen\u00a0Gesundheit, Diagnostik, Kosmetik und Wellness, Medizinprodukte, Arzneimittel und Nahrungserg\u00e4nzungsmittel einf\u00fchren. Einige dieser Artikel kennen Sie sicher.<\/p>\n<\/div><\/div>\n\n\n\n<div style=\"height:50px\" aria-hidden=\"true\" class=\"wp-block-spacer\"><\/div>\n\n\n\n<h2 class=\"has-text-align-center has-text-color wp-block-heading\" style=\"color:#cfcfcf;font-size:100px\">ERFOLG<\/h2>\n\n\n\n<div class=\"wp-block-cover aligncenter has-background-dim has-parallax\" style=\"background-image:url(http:\/\/e42059.easyhosting.at\/wp-content\/uploads\/2021\/03\/VPH_Bilder_Website_1.jpg)\"><div class=\"wp-block-cover__inner-container is-layout-flow wp-block-cover-is-layout-flow\">\n<p class=\"has-text-align-center has-text-color\" style=\"color:#ffffff;font-size:20px\"><meta charset=\"utf-8\"><meta charset=\"utf-8\"><meta charset=\"utf-8\"><meta charset=\"utf-8\"><meta charset=\"utf-8\">Durch Dauerplatzierung, regelm\u00e4\u00dfige Marketingaktivit\u00e4ten und Schulung des Apothekenpersonals f\u00fchren wir Ihre Artikel zum Erfolg. Regelm\u00e4\u00dfiges Reporting best\u00e4tigt Ihnen monatlich, dass Sie sich f\u00fcr den richtigen Partner in \u00d6sterreich e<\/p>\n<\/div><\/div>\n\n\n\n<blockquote class=\"wp-block-quote is-style-large animated bounceIn is-layout-flow wp-block-quote-is-layout-flow\"><p>Erfolg h\u00f6rt nur auf Applaus. F\u00fcr alles andere ist er taub.<\/p><cite><em>Elias Canetti (1905-94), Schriftsteller<\/em><\/cite><\/blockquote>\n\n\n\n<blockquote class=\"wp-block-quote is-style-large animated bounceIn delay-1s is-layout-flow wp-block-quote-is-layout-flow\"><p>Drei Buchstaben l\u00e4uten den Erfolg ein: \u201eRan!\u201c<\/p><cite><em>Rainer Kaune<\/em>, Autor<\/cite><\/blockquote>\n\n\n\n<p><\/p>\n","protected":false},"excerpt":{"rendered":"<p>Jeder Vertriebspartner hat individuelle Anforderungen. Ob Sie das reine Vertriebskonzept w\u00fcnschen oder ein ganzheitliches System suchen, wir sind Ihr Partner. Unser Service umfasst die Konzeption, das Marketing, den Vertrieb, die Logistik und den After Sale Service. KONZEPT VERTRIEB ERFOLG Erfolg h\u00f6rt nur auf Applaus. F\u00fcr alles andere ist er taub. Elias Canetti (1905-94), Schriftsteller Drei Buchstaben l\u00e4uten den Erfolg ein: [&hellip;]<\/p>\n","protected":false},"author":1,"featured_media":0,"parent":0,"menu_order":0,"comment_status":"closed","ping_status":"closed","template":"","meta":{"footnotes":""},"class_list":["post-106","page","type-page","status-publish","hentry"],"_links":{"self":[{"href":"https:\/\/e42059.easyhosting.at\/index.php?rest_route=\/wp\/v2\/pages\/106","targetHints":{"allow":["GET"]}}],"collection":[{"href":"https:\/\/e42059.easyhosting.at\/index.php?rest_route=\/wp\/v2\/pages"}],"about":[{"href":"https:\/\/e42059.easyhosting.at\/index.php?rest_route=\/wp\/v2\/types\/page"}],"author":[{"embeddable":true,"href":"https:\/\/e42059.easyhosting.at\/index.php?rest_route=\/wp\/v2\/users\/1"}],"replies":[{"embeddable":true,"href":"https:\/\/e42059.easyhosting.at\/index.php?rest_route=%2Fwp%2Fv2%2Fcomments&post=106"}],"version-history":[{"count":39,"href":"https:\/\/e42059.easyhosting.at\/index.php?rest_route=\/wp\/v2\/pages\/106\/revisions"}],"predecessor-version":[{"id":349,"href":"https:\/\/e42059.easyhosting.at\/index.php?rest_route=\/wp\/v2\/pages\/106\/revisions\/349"}],"wp:attachment":[{"href":"https:\/\/e42059.easyhosting.at\/index.php?rest_route=%2Fwp%2Fv2%2Fmedia&parent=106"}],"curies":[{"name":"wp","href":"https:\/\/api.w.org\/{rel}","templated":true}]}}